{"id":2894,"date":"2022-02-14T11:42:09","date_gmt":"2022-02-14T10:42:09","guid":{"rendered":"https:\/\/kamilhawliczek.pl\/?page_id=2894"},"modified":"2022-02-22T02:25:05","modified_gmt":"2022-02-22T01:25:05","slug":"terapeuta-w-drodze-za-pacjentem","status":"publish","type":"page","link":"https:\/\/kamilhawliczek.pl\/?page_id=2894","title":{"rendered":"Terapeuta w drodze za pacjentem"},"content":{"rendered":"<p>[vc_row][vc_column][vc_column_text]W terapii psychodynamicznej wa\u017cna jest relacja, kt\u00f3ra si\u0119 tworzy mi\u0119dzy pacjentem i terapeut\u0105 \u2013 jej analiza stanowi narz\u0119dzie zmiany.<br \/>\nPacjent musi si\u0119 czu\u0107 swobodnie: m\u00f3wi o swoich trudno\u015bciach, k\u0142opotach, o swoim prze\u017cywaniu, uczuciach i my\u015blach zwi\u0105zanych z sytuacjami problemowymi. Cenzura w tym wypadku nie istnieje. Pacjent m\u00f3wi, m\u00f3wi i jeszcze raz m\u00f3wi. Zawsze otwarcie i szczerze. Psychoterapeuta s\u0142ucha. Robi to uwa\u017cnie, pr\u00f3buje zrozumie\u0107 na czym polega problem pacjenta, wychwyci\u0107 konfliktowe obszary i w dalszej terapii nad nimi pracowa\u0107.<br \/>\nTerapeuta i pacjent s\u0105 wsp\u00f3\u0142odpowiedzialni za kszta\u0142t ich relacji, wsp\u00f3lnie te\u017c pracuj\u0105 nad wy\u0142aniaj\u0105cymi si\u0119 w czasie terapii problemami. Jednak to nie terapeuta narzuca kierunek ani nawet tempo wsp\u00f3lnego marszu. Pod\u0105\u017ca raczej za pacjentem i za w\u0105tkami, kt\u00f3re on sam przed nim odkryje \u2013 za jego tokiem my\u015blenia. Nie sugeruje, nie doradza. Chce jedynie pozna\u0107 jego punkt widzenia i jego sposoby radzenia sobie z trudno\u015bciami. Krok po kroku idzie za pacjentem wydeptan\u0105 przez niego \u015bcie\u017ck\u0105, kt\u00f3ra prowadzi do wsp\u00f3lnej analizy jego prze\u017cy\u0107 w kontek\u015bcie ca\u0142ej \u017cyciowej historii oraz terapeutycznej relacji.[\/vc_column_text][\/vc_column][\/vc_row][vc_row][vc_column][vc_single_image image=&#8221;2924&#8243; img_size=&#8221;full&#8221;][\/vc_column][\/vc_row]<\/p>\n","protected":false},"excerpt":{"rendered":"<p>[vc_row][vc_column][vc_column_text]W terapii psychodynamicznej wa\u017cna jest relacja, kt\u00f3ra si\u0119 tworzy mi\u0119dzy pacjentem i terapeut\u0105 \u2013 jej analiza stanowi narz\u0119dzie zmiany. Pacjent musi si\u0119 czu\u0107 swobodnie: m\u00f3wi o swoich trudno\u015bciach, k\u0142opotach, o swoim prze\u017cywaniu, uczuciach i my\u015blach zwi\u0105zanych z sytuacjami problemowymi. Cenzura w tym wypadku nie istnieje. Pacjent m\u00f3wi, m\u00f3wi i jeszcze raz m\u00f3wi. Zawsze otwarcie i [&hellip;]<\/p>\n","protected":false},"author":1,"featured_media":0,"parent":0,"menu_order":0,"comment_status":"closed","ping_status":"closed","template":"","meta":{"om_disable_all_campaigns":false,"_monsterinsights_skip_tracking":false,"_monsterinsights_sitenote_active":false,"_monsterinsights_sitenote_note":"","_monsterinsights_sitenote_category":0},"yoast_head":"<!-- This site is optimized with the Yoast SEO Premium plugin v17.8 (Yoast SEO v18.5.1) - https:\/\/yoast.com\/wordpress\/plugins\/seo\/ -->\n<title>Terapeuta w drodze za pacjentem - kamilhawliczek.pl<\/title>\n<meta name=\"robots\" content=\"index, follow, max-snippet:-1, max-image-preview:large, max-video-preview:-1\" \/>\n<link rel=\"canonical\" href=\"https:\/\/kamilhawliczek.pl\/?page_id=2894\" \/>\n<meta property=\"og:locale\" content=\"pl_PL\" \/>\n<meta property=\"og:type\" content=\"article\" \/>\n<meta property=\"og:title\" content=\"Terapeuta w drodze za pacjentem\" \/>\n<meta property=\"og:description\" content=\"[vc_row][vc_column][vc_column_text]W terapii psychodynamicznej wa\u017cna jest relacja, kt\u00f3ra si\u0119 tworzy mi\u0119dzy pacjentem i terapeut\u0105 \u2013 jej analiza stanowi narz\u0119dzie zmiany. Pacjent musi si\u0119 czu\u0107 swobodnie: m\u00f3wi o swoich trudno\u015bciach, k\u0142opotach, o swoim prze\u017cywaniu, uczuciach i my\u015blach zwi\u0105zanych z sytuacjami problemowymi. Cenzura w tym wypadku nie istnieje. Pacjent m\u00f3wi, m\u00f3wi i jeszcze raz m\u00f3wi. Zawsze otwarcie i [&hellip;]\" \/>\n<meta property=\"og:url\" content=\"https:\/\/kamilhawliczek.pl\/?page_id=2894\" \/>\n<meta property=\"og:site_name\" content=\"kamilhawliczek.pl\" \/>\n<meta property=\"article:modified_time\" content=\"2022-02-22T01:25:05+00:00\" \/>\n<meta name=\"twitter:card\" content=\"summary_large_image\" \/>\n<meta name=\"twitter:label1\" content=\"Szacowany czas czytania\" \/>\n\t<meta name=\"twitter:data1\" content=\"1 minuta\" \/>\n<script type=\"application\/ld+json\" class=\"yoast-schema-graph\">{\"@context\":\"https:\/\/schema.org\",\"@graph\":[{\"@type\":\"WebSite\",\"@id\":\"https:\/\/kamilhawliczek.pl\/#website\",\"url\":\"https:\/\/kamilhawliczek.pl\/\",\"name\":\"kamilhawliczek.pl\",\"description\":\"Psycholog, psychoterapeuta Kamil Hawliczek\",\"potentialAction\":[{\"@type\":\"SearchAction\",\"target\":{\"@type\":\"EntryPoint\",\"urlTemplate\":\"https:\/\/kamilhawliczek.pl\/?s={search_term_string}\"},\"query-input\":\"required name=search_term_string\"}],\"inLanguage\":\"pl-PL\"},{\"@type\":\"WebPage\",\"@id\":\"https:\/\/kamilhawliczek.pl\/?page_id=2894#webpage\",\"url\":\"https:\/\/kamilhawliczek.pl\/?page_id=2894\",\"name\":\"Terapeuta w drodze za pacjentem - kamilhawliczek.pl\",\"isPartOf\":{\"@id\":\"https:\/\/kamilhawliczek.pl\/#website\"},\"datePublished\":\"2022-02-14T10:42:09+00:00\",\"dateModified\":\"2022-02-22T01:25:05+00:00\",\"breadcrumb\":{\"@id\":\"https:\/\/kamilhawliczek.pl\/?page_id=2894#breadcrumb\"},\"inLanguage\":\"pl-PL\",\"potentialAction\":[{\"@type\":\"ReadAction\",\"target\":[\"https:\/\/kamilhawliczek.pl\/?page_id=2894\"]}]},{\"@type\":\"BreadcrumbList\",\"@id\":\"https:\/\/kamilhawliczek.pl\/?page_id=2894#breadcrumb\",\"itemListElement\":[{\"@type\":\"ListItem\",\"position\":1,\"name\":\"Home\",\"item\":\"https:\/\/kamilhawliczek.pl\/\"},{\"@type\":\"ListItem\",\"position\":2,\"name\":\"Terapeuta w drodze za pacjentem\"}]}]}<\/script>\n<!-- \/ Yoast SEO Premium plugin. -->","yoast_head_json":{"title":"Terapeuta w drodze za pacjentem - kamilhawliczek.pl","robots":{"index":"index","follow":"follow","max-snippet":"max-snippet:-1","max-image-preview":"max-image-preview:large","max-video-preview":"max-video-preview:-1"},"canonical":"https:\/\/kamilhawliczek.pl\/?page_id=2894","og_locale":"pl_PL","og_type":"article","og_title":"Terapeuta w drodze za pacjentem","og_description":"[vc_row][vc_column][vc_column_text]W terapii psychodynamicznej wa\u017cna jest relacja, kt\u00f3ra si\u0119 tworzy mi\u0119dzy pacjentem i terapeut\u0105 \u2013 jej analiza stanowi narz\u0119dzie zmiany. Pacjent musi si\u0119 czu\u0107 swobodnie: m\u00f3wi o swoich trudno\u015bciach, k\u0142opotach, o swoim prze\u017cywaniu, uczuciach i my\u015blach zwi\u0105zanych z sytuacjami problemowymi. Cenzura w tym wypadku nie istnieje. Pacjent m\u00f3wi, m\u00f3wi i jeszcze raz m\u00f3wi. Zawsze otwarcie i [&hellip;]","og_url":"https:\/\/kamilhawliczek.pl\/?page_id=2894","og_site_name":"kamilhawliczek.pl","article_modified_time":"2022-02-22T01:25:05+00:00","twitter_card":"summary_large_image","twitter_misc":{"Szacowany czas czytania":"1 minuta"},"schema":{"@context":"https:\/\/schema.org","@graph":[{"@type":"WebSite","@id":"https:\/\/kamilhawliczek.pl\/#website","url":"https:\/\/kamilhawliczek.pl\/","name":"kamilhawliczek.pl","description":"Psycholog, psychoterapeuta Kamil Hawliczek","potentialAction":[{"@type":"SearchAction","target":{"@type":"EntryPoint","urlTemplate":"https:\/\/kamilhawliczek.pl\/?s={search_term_string}"},"query-input":"required name=search_term_string"}],"inLanguage":"pl-PL"},{"@type":"WebPage","@id":"https:\/\/kamilhawliczek.pl\/?page_id=2894#webpage","url":"https:\/\/kamilhawliczek.pl\/?page_id=2894","name":"Terapeuta w drodze za pacjentem - kamilhawliczek.pl","isPartOf":{"@id":"https:\/\/kamilhawliczek.pl\/#website"},"datePublished":"2022-02-14T10:42:09+00:00","dateModified":"2022-02-22T01:25:05+00:00","breadcrumb":{"@id":"https:\/\/kamilhawliczek.pl\/?page_id=2894#breadcrumb"},"inLanguage":"pl-PL","potentialAction":[{"@type":"ReadAction","target":["https:\/\/kamilhawliczek.pl\/?page_id=2894"]}]},{"@type":"BreadcrumbList","@id":"https:\/\/kamilhawliczek.pl\/?page_id=2894#breadcrumb","itemListElement":[{"@type":"ListItem","position":1,"name":"Home","item":"https:\/\/kamilhawliczek.pl\/"},{"@type":"ListItem","position":2,"name":"Terapeuta w drodze za pacjentem"}]}]}},"_links":{"self":[{"href":"https:\/\/kamilhawliczek.pl\/index.php?rest_route=\/wp\/v2\/pages\/2894"}],"collection":[{"href":"https:\/\/kamilhawliczek.pl\/index.php?rest_route=\/wp\/v2\/pages"}],"about":[{"href":"https:\/\/kamilhawliczek.pl\/index.php?rest_route=\/wp\/v2\/types\/page"}],"author":[{"embeddable":true,"href":"https:\/\/kamilhawliczek.pl\/index.php?rest_route=\/wp\/v2\/users\/1"}],"replies":[{"embeddable":true,"href":"https:\/\/kamilhawliczek.pl\/index.php?rest_route=%2Fwp%2Fv2%2Fcomments&post=2894"}],"version-history":[{"count":4,"href":"https:\/\/kamilhawliczek.pl\/index.php?rest_route=\/wp\/v2\/pages\/2894\/revisions"}],"predecessor-version":[{"id":3087,"href":"https:\/\/kamilhawliczek.pl\/index.php?rest_route=\/wp\/v2\/pages\/2894\/revisions\/3087"}],"wp:attachment":[{"href":"https:\/\/kamilhawliczek.pl\/index.php?rest_route=%2Fwp%2Fv2%2Fmedia&parent=2894"}],"curies":[{"name":"wp","href":"https:\/\/api.w.org\/{rel}","templated":true}]}}